of 144 and i.
18
Suppose 5*w = 2*w. Let u(c) be the first derivative of -c**2/2 + 126*c - 1. Let p be u(w). Calculate the greatest common factor of 14 and p.
14
Let o be (-3)/(27/(-12))*18. Let p be -2 - (-3)/((-6)/(-16)). Calculate the highest common divisor of p and o.
6
Let a = 1 - -9. Suppose -4*o = -6 - a. Let r(j) = -j**2 + 4*j + 1. Let n be r(o). Calculate the greatest common factor of n and 9.
1
Let q = -30 + 36. What is the highest common factor of 30 and q?
6
Let c be (-74)/(-2) - (-12)/(-4). Let q = c + 36. Let z = -1 + 15. What is the greatest common divisor of z and q?
14
Suppose 0 = -m - m + 16. Calculate the greatest common factor of m and 32.
8
Let j = 6 + 5. What is the greatest common factor of j and 121?
11
Suppose o - 11 = k - 4, 2*o - k = 12. Suppose -2*s + o = 1. What is the greatest common factor of s and 10?
2
Suppose n + 3*w + 2*w = 18, -4*n + 72 = 4*w. Suppose 45 = k + 15. Suppose 3*l = 6 + k. What is the highest common factor of n and l?
6
Let r(a) be the third derivative of -a**6/120 - a**5/60 + a**4/24 + a**3 - 4*a**2. Let w be r(0). Calculate the greatest common divisor of 42 and w.
6
Let c = 615 - 308. Let f = c - 76. Let p be ((0 + -1)*-21)/1. Calculate the highest common divisor of f and p.
21
Suppose 2*p - 9 = 81. What is the greatest common divisor of p and 15?
15
Let n be 1581/18 + (-4 + 3)/(-6). What is the greatest common divisor of n and 8?
8
Let x(o) be the first derivative of o**2/2 - 133*o - 1. Let n be x(0). Let f = n + 221. What is the highest common divisor of f and 11?
11
Let q = 94 - 22. What is the greatest common divisor of 9 and q?
9
Let a(b) = 4 + 4*b + 2 - 3*b. Let z be a(-3). What is the highest common factor of z and 3?
3
Suppose 60 = -0*a + 4*a. What is the highest common divisor of a and 3?
3
Let m be (-16)/(-6)*147/14*2. Calculate the greatest common divisor of 42 and m.
14
Suppose 5*u + 4*w = 884, -5*u + u = -5*w - 699. What is the greatest common factor of 22 and u?
22
Let h(v) = v**2 + 6*v + 6. Suppose 2*g + 17 = -s, 3*s + 5 = -5*g - 40. Let u be h(g). Suppose 2 = u*z - 4*z. Calculate the greatest common divisor of z and 1.
1
Let s = 14 + -7. Suppose s*k - 3*k = 116. Let z = k + -14. Calculate the greatest common factor of 120 and z.
15
Let h(r) = -r**2 + 8*r + 3. Let m be h(7). Suppose -3*u = m + 41. Let l = 44 + u. Calculate the greatest common divisor of l and 3.
3
Let t be ((-4)/5)/(1/(-5)). Suppose 4*j = t*k - 3*k + 1, -k + 5 = -j. Calculate the highest common divisor of k and 56.
7
Suppose -180 = 4*y - 6*y. Suppose b = 1 + 9. What is the highest common factor of b and y?
10
Suppose 5*p - 892 = 1538. Let k = -316 + p. Let c be 134/8 + (-1)/(-4). What is the highest common divisor of k and c?
17
Suppose 0*i = -4*i + 396. Let f be i/12 + 1/(-4). Suppose -2*v - 5*y + 22 + 2 = 0, 0 = 4*v + 4*y - 48. Calculate the highest common factor of v and f.
4
Let p(d) = 2*d - 5. Let i be p(9). What is the greatest common factor of 104 and i?
13
Let r = 300 + -167. Let d = r + -34. Suppose 0 = -3*w - 5*x + 18, -w - 3*x = -1 - 1. Calculate the greatest common factor of d and w.
11
Let v be -2 + 4 + 3 - -4. Let g = -13 - -22. Calculate the greatest common divisor of g and v.
9
Let z = 10 + -6. Suppose 3*i + 2*i + 4*q = 18, -4*q = -z*i. Let k(f) = 2*f**2 + f. Let l be k(1). Calculate the greatest common divisor of i and l.
1
Suppose -3 = 4*o - o. Let b be 0 - 1/(o/4). Let a be (b + 2)*(-18)/(-4). Calculate the highest common divisor of 18 and a.
9
Let z(b) = -b**3 + 5*b**2 - 2*b - 3. Let j be z(4). Suppose -d = 4 + j. Let f = 16 + d. Calculate the highest common factor of 7 and f.
7
Suppose 0 = -j - 0 + 3. Let w(c) = -c**3 + 4*c**2 - 3. Let n be w(j). Let i = 11 - n. What is the highest common divisor of i and 5?
5
Let s be (-1)/4 - 309/12. Let r be 3/(-1) + (-2 - s). Calculate the highest common factor of r and 3.
3
Let i = 48 - 32. Calculate the greatest common factor of 40 and i.
8
Let k be (-2)/12 - 330/(-36). Let p(v) = -v**2 - 5*v - 3. Let m be p(-5). Let j = m + k. What is the highest common divisor of 66 and j?
6
Suppose -4*q + 5*u - 9 = -186, 2*q = -2*u + 102. Let o be (-4)/(24/27)*16/(-6). What is the highest common divisor of o and q?
12
Let m(u) = -u**3 - 8*u**2 + 2*u + 11. Let w be m(-8). Let y(q) = -2*q - 1. Let x be y(w). What is the greatest common divisor of 9 and x?
9
Suppose 4*v - 77 = -5*b, -4*v + 3*b + 53 = -16. Calculate the highest common factor of v and 45.
9
Suppose 490 = 4*m + 3*l, -2*m + 0*l = 3*l - 242. Suppose 2*f - m = 2. Calculate the greatest common divisor of 9 and f.
9
Let g = 87 - 82. Calculate the highest common factor of g and 1.
1
Suppose -2 = -v + 2. Suppose 4*n + v*g = 56, 3*g - 15 = -0. Suppose -k - 2 + n = 0. What is the highest common divisor of k and 7?
7
Let w = 25 - 10. Suppose 2*n - 3*a = 5*n - 231, 0 = n - 3*a - 69. Calculate the greatest common divisor of w and n.
15
Suppose 8*r - 144 = 5*r. Let x = -8 - -29. Let a = -15 + x. What is the highest common factor of r and a?
6
Suppose 2*o = 16 + 18. Let v(j) = 10*j - 3 + 2 + 3. Let g be v(10). What is the greatest common factor of o and g?
17
Let t = -20 - -21. What is the highest common divisor of 3 and t?
1
Suppose -h - 5*d = -45, -95 = -5*h + 2*d - d. Suppose -4*c + 2*p + 110 = -0*p, -c - p = -h. Calculate the highest common divisor of 10 and c.
5
Let d be (32/(-2))/((-13)/65). What is the highest common divisor of d and 16?
16
Suppose -22 = -u + 14. Let t = u + -25. Let r(x) = x**3 - 11*x**2 + 6*x - 12. Let s be r(t). Calculate the greatest common divisor of s and 18.
18
Suppose 5*j + 3*z = 262, j + 4*z + 0*z = 66. Calculate the highest common divisor of j and 10.
10
Let b(r) be the first derivative of r**2/2 - r + 6. Let k be b(8). Let i(m) = 3*m + 6. Let d be i(5). What is the greatest common factor of k and d?
7
Let v be 1 - 1 - 1 - -153. Let g be (-18 + -1)/(1*-1). Calculate the highest common divisor of v and g.
19
Suppose -8*y = -7*y - 64. Suppose 0 = 2*r + 4 - 14. Suppose 4*h - b = 35, -r*b + 2*b = 3*h - 15. What is the greatest common divisor of h and y?
8
Let i be ((-36)/4)/(-3) - -2. Calculate the highest common factor of 1 and i.
1
Suppose -k - 5*c = 11, -k - k - 4 = 4*c. What is the greatest common factor of 12 and k?
4
Suppose h - 94 = -o - o, -290 = -3*h - 2*o. Calculate the greatest common divisor of 14 and h.
14
Suppose 2*s + 4*g = 8, 5*s - 3*g + 26 = 9*s. What is the greatest common factor of s and 72?
8
Suppose -4*d + 38 + 12 = 3*t, -2*d + 2*t = -18. Suppose 62 = 2*n - 4. What is the highest common factor of n and d?
11
Suppose 21*k - 18*k = 162. What is the highest common factor of 18 and k?
18
Let k = 24 - 17. What is the highest common factor of k and 56?
7
Let b = -6 - -3. Let m be (-8)/(-5 + 1 - b). Let l(x) = x - 1. Let o be l(m). Calculate the highest common factor of o and 63.
7
Let m = 85 + -152. Suppose -3*w + 6*w = -531. Let u = m - w. What is the highest common factor of u and 10?
10
Let o = 5 - 4. Suppose -13*s + 8 = -12*s. What is the greatest common factor of s and o?
1
Let h be (11/(-2))/(2/(-32)). Let d be (1 - 3) + 2 + 8. Calculate the highest common divisor of d and h.
8
Let i be (3 + 10/(-4))*10. Suppose 0 = -i*x + 79 + 6. Calculate the highest common factor of x and 136.
17
Let u = 260 - 40. What is the greatest common divisor of u and 20?
20
Let s(n) = n**3 - 8 - n + 6 + 0*n**3. Let m be s(2). Let p be (-3)/m*14*-8. What is the highest common divisor of 12 and p?
12
Let w = -46 - -58. Suppose 103 = 5*x - 77. What is the highest common factor of w and x?
12
Let p be 9/(-7) + (-2)/(-7). Let u be ((-4)/(-10))/(p/(-35)). Calculate the highest common divisor of u and 28.
14
Let w = -32 + 39. Calculate the highest common divisor of 7 and w.
7
Let o be (3 + -3)/(-3) + 7 + 1. Calculate the highest common factor of o and 64.
8
Let f = 400 - 144. Calculate the greatest common divisor of f and 32.
32
Suppose -18*z = -20*z + 258. What is the highest common divisor of z and 86?
43
Suppose -o + 2*v - 10 = -3*v, -v = -5*o + 46. Let w = -176 - -280. Let t = -54 + w. What is the greatest common factor of o and t?
10
Let w = 8 - 3. Suppose w*n - 186 = -36. What is the greatest common factor of 6 and n?
6
Let i = 31 + -11. Calculate the greatest common divisor of i and 20.
2